(base 2) to base 5
-1420303434
What is -3a5c1 (base 13) in base 15?
-222da
Convert -41869 (base 10) to base 7.
-233032
11343431 (base 6) to base 13
c6001
What is -315219 (base 10) in base 13?
-b0628
53503543 (base 6) to base 12
641bb3
-1073171 (base 8) to base 14
-7882d
Convert -243921 (base 12) to base 16.
-8f569
Convert a005c (base 16) to base 12.
277390
Convert -10001010112011 (base 3) to base 8.
-6125277
1110100001001110011 (base 2) to base 8
1641163
What is -3470 (base 12) in base 14?
-21b6
101010100000111101110011 (base 2) to base 8
52407563
-1839891 (base 10) to base 11
-1047379
What is -14114504 (base 9) in base 16?
-6a7884
What is -162dd11 (base 15) in base 9?
-33251087
Convert 44011 (base 10) to base 13.
17056
Convert -3110170 (base 8) to base 5.
-202322131
What is 1907337 (base 11) in base 2?
1100010100110000010100
-95335 (base 12) to base 5
-22230422
What is -2566504 (base 7) in base 16?
-520ae
Convert -101a84 (base 15) to base 5.
-143440444
-281768 (base 10) to base 11
-182773
What is -2010220222 (base 3) in base 12?
-2052b
Convert -33213213213 (base 4) to base 3.
-21201000111220
What is -68e38 (base 16) in base 15?
-87469
What is -1ad6a (base 15) in base 13?
-30a21
Convert 45446 (base 13) to base 11.
86702
322031213 (base 4) to base 14
62c75
111010101010111 (base 2) to base 13
10899
What is 21012200 (base 4) in base 3?
1220010202
What is -2a6810 (base 11) in base 6?
-14122313
Convert 154115 (base 10) to base 6.
3145255
What is -534437 (base 8) in base 2?
-101011100100011111
-6768507 (base 9) to base 13
-9a9357
Convert -26147272 (base 8) to base 15.
-79e710
Convert 32020200001 (base 4) to base 13.
9c9412
What is 451601 (base 7) in base 8?
233777
-6787a (base 11) to base 14
-27b18
What is -1302233223 (base 4) in base 13?
-135c06
-1001020112220 (base 3) to base 13
-166047
Convert -101413040 (base 5) to base 10.
-419770
What is 13697 (base 11) in base 13?
8b25
What is 141bc05 (base 13) in base 12?
217055a
Convert -240041210 (base 6) to base 7.
-53055132
Convert -1003111012202 (base 4) to base 11.
-9a6584a
Convert 12760 (base 16) to base 8.
223540
What is 1015415 (base 12) in base 16?
2e0511
What is 877ac (base 13) in base 15?
4c9b2
What is 312020230232 (base 4) in base 9?
28628848
-1422562 (base 7) to base 15
-3b754
What is 24ff3b (base 16) in base 3?
11120011222022
-37041 (base 10) to base 9
-55726
Convert 220220202200 (base 3) to base 9.
826680
What is 2022332 (base 5) in base 15?
9ae7
Convert 906599 (base 10) to base 7.
10464101
What is 150267 (base 10) in base 6?
3115403
-51146 (base 10) to base 2
-1100011111001010
-1001011111101011 (base 2) to base 6
-500015
133000332 (base 4) to base 13
45a92
231653 (base 15) to base 8
6310244
What is 112012202022201 (base 3) in base 14?
10089ac
What is 6871 (base 15) in base 14?
8108
335a6b0 (base 13) to base 14
2143754
-659838 (base 10) to base 9
-1215113
Convert 1113222001 (base 6) to base 13.
26b015c
Convert -74c79 (base 15) to base 11.
-233560
-605433 (base 7) to base 2
-11001000101111001
What is 393aa8 (base 14) in base 3?
10201001201112
What is 1348c30 (base 14) in base 12?
3156136
-2503022 (base 6) to base 2
-100000011011110110
Convert -21210211101010 (base 3) to base 14.
-7a0421
Convert -1dd5 (base 16) to base 9.
-11425
Convert 34342 (base 12) to base 4.
100333202
cc31a (base 15) to base 13
199360
What is 228331 (base 10) in base 9?
377181
332242320 (base 5) to base 11
8a8928
What is -15a4659 (base 15) in base 5?
-13010134214
346907 (base 11) to base 9
1028488
410002402 (base 5) to base 9
3070887
What is -11560561 (base 8) in base 9?
-4713271
What is 45c271 (base 16) in base 12?
1645841
What is -1001101001100101010011 (base 2) in base 8?
-11514523
-218b00 (base 12) to base 10
-533808
What is -102020021211221 (base 3) in base 6?
-331541211
-3fa2d0 (base 16) to base 8
-17721320
Convert 1065745 (base 8) to base 14.
77857
17c1f3 (base 16) to base 7
16143204
f560b (base 16) to base 14
1c23c7
Convert -1210222201210 (base 3) to base 10.
-964272
Convert 310100223 (base 4) to base 11.
13690a
Convert 527182 (base 14) to base 3.
12020111221120
What is -10110101100110000 (base 2) in base 6?
-1554240
Convert 3232 (base 9) to base 16.
94a
Convert 11350872 (base 9) to base 10.
5525075
Convert -32245 (base 6) to base 3.
-20001202
What is -1242230412 (base 5) in base 13?
-840a61
-307500 (base 9) to base 3
-100021120000
-111011001110101100 (base 2) to base 8
-731654
What is -30210102310 (base 4) in base 5?
-1320410023
Convert -167436 (base 12) to base 13.
-1068a5
1388983 (base 12) to base 3
21100211102200
Convert -542070 (base 8) to base 6.
-3515212
What is 131772 (base 8) in base 15?
d9b9
-39422 (base 12) to base 10
-78362
Convert 20510458 (base 9) to base 4.
211221031121
What is -11518561 (base 10) in base 2?
-101011111100001001100001
Convert -227314 (base 8) to base 7.
-441665
-100112100021 (base 3) to base 8
-556323
-302114444 (base 5) to base 10
-1207499
-3dd72 (base 14) to base 4
-211133200
45170 (base 14) to base 6
3332142
Convert 32541405 (base 6) to base 16.
eea8d
What is -25e3b (base 16) in base 11?
-a6667
Convert 5657b1 (base 13) to base 15.
2a4748
What is -1023100211 (base 5) in base 7?
-24232501
224212432 (base 5) to base 4
3311322022
What is 411bc5 (base 13) in base 12?
61253a
What is 21100222120 (base 3) in base 2?
100011011010100011
3254045 (base 7) to base 15
7d79b
Convert -203d23 (base 16) to base 11.
-1213420
Convert -44b672 (base 15) to base 6.
-154134342
3c005 (base 13) to base 11
77206
What is -1e597f (base 16) in base 2?
-111100101100101111111
Convert 675ba7 (base 13) to base 14.
477654
Convert -456225 (base 8) to base 9.
-255270
What is 43424040 (base 5) in base 13?
1010bc
Convert 84386 (base 9) to base 11.
3895a
332101201 (base 4) to base 15
5089d
Convert 360431 (base 10) to base 12.
1546bb
What is -133000212332 (base 4) in base 2?
-11111000000100110111110
What is 10201012011220 (base 3) in base 11?
1127718
Convert 10014423 (base 5) to base 15.
187ad
-101001000110101100 (base 2) to base 16
-291ac
Convert -22365641 (base 7) to base 2.
-111011011111001000001
What is 1122112102201 (base 3) in base 16?
d601e
Convert -341583 (base 10) to base 6.
-11153223
1726510 (base 8) to base 5
112044422
-2b79 (base 15) to base 9
-13726
Convert 2452444 (base 6) to base 12.
64124
616266 (base 8) to base 2
110001110010110110
Convert -54453313 (base 6) to base 4.
-12030221031
-10324021 (base 5) to base 12
-437a5
Convert -1216241 (base 7) to base 16.
-260c9
Convert c9a33 (base 14) to base 12.
1b6291
Convert -12487070 (base 9) to base 4.
-113122330311
What is -16023a (base 11) in base 10?
-249182
Convert -9654 (base 10) to base 5.
-302104
What is -141799 (base 13) in base 5?
-111122133
Convert -115255553 (base 6) to base 2.
-1000011101000011011101
-1cde0 (base 16) to base 15
-2507a
-a00613 (base 13) to base 7
-43365605
Convert 286686 (base 9) to base 3.
22220202220
54046e (base 16) to base 13
11aa2a8
What is 462465 (base 7) in base 2?
10100001010000011
What is -101100110111000101101101 (base 2) in base 12?
-3b31665
Convert 2802645 (base 9) to base 16.
1774eb
-1821651 (base 10) to base 7
-21324636
Convert 174de (base 16) to base 3.
11211221100
-10000100000000101011 (base 2) to base 14
-1010a7
10435a (base 12) to base 4
332203312
-533530 (base 10) to base 13
-158aca
-4240434 (base 5) to base 3
-10121220022
-1d62bc (base 15) to base 7
-15140343
Convert 18168 (base 16) to base 4.
120011220
Convert 197c9 (base 13) to base 9.
75132
10000110011110101001 (base 2) to base 15
ad31a
What is -19a674 (base 12) in base 14?
-bb4a4
Convert 856512 (base 14) to base 16.
44d984
What is 31466365 (base 8) in base 11?
3875282
130231311122 (base 4) to base 8
34556532
What is -6137767 (base 8) in base 2?
-110001011111111110111
What is 22041034 (base 7) in base 9?
3503737
-1062662 (base 7) to base 6
-2504035
3565053 (base 8) to base 10
977451
What is 1232443 (base 7) in base 6?
3225511
Convert 101200131312 (base 4) to base 12.
1653b06
7a9c8 (base 13) to base 4
312211132
Convert 10242 (base 10) to base 16.
2802
Convert -577756 (base 9) to base 8.
-1245415
What is 14095b3 (base 13) in base 15?
851580
-7a863c (base 13) to base 15
-3c5387
Convert -600125 (base 8) to base 12.
-959b1
Convert 38bb4 (base 13) to base 2.
11001101